+ 92 = 0. Let x(l) = 6*l - 2. Let r be x(2). What is the tens digit of (u/r)/((-12)/120)?
8
Let y be (-156)/(-351) + (-28)/(-18) + -5. What is the hundreds digit of -5 + (2 - y) + 871?
8
Let z(q) = -6*q + 42. Let w(f) = 2*f - 14. Let b(d) = -8*w(d) - 3*z(d). Let p be b(5). Let x(t) = 5*t**2 + t - 4. What is the tens digit of x(p)?
7
Suppose 21*v - 41646 = -v. Let g = v - 1238. What is the tens digit of g?
5
Let n(h) be the second derivative of -5*h**3/3 + 2*h**2 + 32*h. Let i be n(1). What is the hundreds digit of (-2308)/(-12) + i/(-9)?
1
Suppose 0 = k + 3*p + 1, -12*k + 7*k + 21 = 2*p. What is the tens digit of (4 - 5)*-46*k?
3
Let u(r) = r**2 + 20*r - 17. Let h = -56 + 35. Let c be u(h). Suppose -d + 87 = -0*d + c*w, -d + 5*w = -51. What is the units digit of d?
1
Suppose 0 = 2*k - 4*k + 50. Let o be 10/k*5 + 2. What is the tens digit of (-1 - -1) + (70 - (2 - o))?
7
Suppose -3*j - 1401 = 2*m, -11*j - 1208 - 3948 = m. Let z = 1027 + j. What is the units digit of z?
8
Let w(u) = -94*u**3 - 3*u**2 - u + 10. Let d be w(-3). Suppose 6*t - 1244 = d. What is the tens digit of t?
2
Let a be (-16)/80*5 + -236. Let o = -30 - -56. Let h = o - a. What is the units digit of h?
3
Let c = 848 - -2701. What is the units digit of c?
9
Let r = -5 + 52. Let l = r - 62. Let v = 34 + l. What is the tens digit of v?
1
Let h(i) = 3*i - 48*i**3 - i**2 + i - 3*i. Let y(m) = -m**3 + 57*m**2 - 571*m - 45. Let d be y(44). What is the tens digit of h(d)?
4
Let b(h) be the second derivative of 7*h**4/12 - 7*h**3/6 - 4*h**2 - h. Let c = -2045 + 2050. What is the units digit of b(c)?
2
Suppose 3*p = 6*p. Let z be 186/(-4)*(-2 + p). Suppose 55 = 4*l - z. What is the tens digit of l?
3
Let y(u) = 33*u - 106. Let j(n) = 21*n - 70. Let b be j(5). What is the hundreds digit of y(b)?
0
Let f be (21/7 - -1) + (8 - 2). Suppose -5*j = -z - 6100, -z + f = -3*z. What is the hundreds digit of j?
2
Suppose 702*q - 96 = 698*q. Suppose 16*u - q*u = -9032. What is the units digit of u?
9
What is the units digit of 18235480/680 + ((-16)/(-68))/2?
7
Suppose 405961 = -134*n + 10456 + 2276597. What is the units digit of n?
8
Suppose 2*p = -3*j + 44500, p + 103114 = 4*j + 43788. What is the hundreds digit of j?
8
Let n = -4513 - -5950. What is the hundreds digit of n?
4
Let r(t) = 12*t**2 - 2*t - 2. Let p = -27 + 24. Let l be r(p). Suppose -3*f = 22 - l. What is the units digit of f?
0
Suppose 12*c - 50 = 10*c. Let b = -21 + c. Let f(x) = 14*x**2 + x + 16. What is the hundreds digit of f(b)?
2
Let c(a) be the second derivative of a**5/20 + 2*a**4/3 - 3*a**3/2 + a**2 - 2*a - 8. What is the units digit of c(-8)?
4
What is the hundreds digit of 57416/30 - 558/(-4185)?
9
Let u(v) = 9*v**2 + 3*v + 9. Let i = -14 + 18. Let l be u(i). Suppose 3*w - 4*f = l, -3*f = -0*w - w + 60. What is the tens digit of w?
5
Let c be (-183)/(-15) - 1/5. Let t be 13216/c - 2/6 - -3. Suppose -2*u = 5*n - t, -3*u - 3 - 450 = -2*n. What is the units digit of n?
2
Let x(r) = r**2 + 27*r - 39. Let d be x(-29). Let s = d - 17. Suppose 0 = 4*l + 2*q - 244, 6*l = 3*l - s*q + 185. What is the tens digit of l?
5
Suppose 10*l = -5*l. Suppose 3468 = 5*z + 4*t, -2*t + 8 - 14 = l. What is the units digit of z?
6
Let c = 20307 - 2062. What is the ten thousands digit of c?
1
Suppose 9 = 4*x + 1. Suppose 6*i = x*i + 1400. Suppose -2*k + i = -4*m, -2*k = -k + 3*m - 165. What is the units digit of k?
1
Suppose -20*p + 13452 = -65608. What is the thousands digit of p?
3
Let a(d) = -d**3 + 96*d**2 + 147*d + 2924. What is the thousands digit of a(93)?
2
Let i be 5/(-4)*-4 + 0. Suppose -5*k - 4*u = -17 - i, 5*k = 3*u + 36. Suppose k*t = 3*t + 165. What is the units digit of t?
5
Let j = -4037 + 4936. Let v be 1262 + -2 + -1 + 2. Suppose 16*m - v - j = 0. What is the units digit of m?
5
Suppose y = 2*l - 344, -3*l = -6*l + 5*y + 502. Suppose 2*o = 3*o + 136. Let k = l + o. What is the units digit of k?
8
Let p(w) = 2*w - 17. Let t be p(11). Let c(s) = 76*s - 6. What is the units digit of c(t)?
4
Suppose v - 125 = 3*k + 45, v + 3*k = 176. Let w be (-9)/(-6)*(4 - 31)*2. Let r = w + v. What is the tens digit of r?
9
What is the tens digit of (2247/14 - 8)*1*30?
7
Suppose 168*g = -255331 + 1970275. What is the ten thousands digit of g?
1
Let p(w) = 2*w - 4. Suppose 3*m = -2*m, 2*x = 4*m. Let f be p(x). Let a(q) = -2*q**3 - 2*q**2 + 2*q - 2. What is the tens digit of a(f)?
8
Let z(y) = y**2 - 28*y + 45. Let h be z(27). Suppose -h*q + q + 10540 = 0. What is the units digit of q?
0
Suppose 6*b = 5*b. Suppose -3*r + r + h - 141 = b, -2*r + 2*h - 140 = 0. Let k = r - -126. What is the units digit of k?
5
Let g be 4 + -3 - (0/1 + -3). Suppose -g*o = -9*o + 10. Suppose 4*k = o*k + 66. What is the tens digit of k?
3
Let a(t) = 1079*t**3 - 13*t**2 + 6*t + 23. What is the hundreds digit of a(2)?
6
Let k(a) = 59663*a - 6. Let i be k(-1). Let j = i + 85493. What is the hundreds digit of -1 - (j/(-112) + (-3)/7)?
2
Let t = -12562 + 24823. What is the ten thousands digit of t?
1
Let b(i) = 79*i**2 + 184*i + 215. What is the ten thousands digit of b(-15)?
1
Let l = 37 + -84. Let f = l + 50. Suppose f*q - 5*x - 289 = 0, 4*q = 6*q + 5*x - 176. What is the units digit of q?
3
Let w = 65 - 71. Let n(k) = -67*k + 23. What is the tens digit of n(w)?
2
Let n(m) = 81*m + 69. Let t be n(-6). Let w = 438 + t. What is the tens digit of w?
2
Suppose 0 = 5*r - 5*a - 25, r + 4*a = 10 - 0. Let c be r/4*154/21. Suppose -c*u + 18 = -2*u. What is the units digit of u?
2
Let p = -132 - -134. Suppose -z - 4*r - 1474 = 4*z, 0 = -p*z + 3*r - 585. Let o = z - -542. What is the tens digit of o?
4
Let s(m) = -m + 14. Let j be s(11). Suppose 0*v - j*v + 2*v = 0. Suppose 0*c + 4*f + 220 = c, -2*c + 4*f + 436 = v. What is the hundreds digit of c?
2
Let k(p) = 2*p**2 + 9*p + 16. Let i(a) = -a - 1. Let w(f) = -6*f - 65. Let b(g) = 2*i(g) + w(g). Let q be b(-7). What is the tens digit of k(q)?
5
Let y be (19 + 1)*12/(-30). Let x be y/(-3)*207/12. Suppose -b + 152 - x = 0. What is the hundreds digit of b?
1
Let w(q) = q**3 - 5*q**2 - 7*q + 14. Suppose -4*s = -8 - 4. Let n be (0 - -6)*(s + -2). What is the units digit of w(n)?
8
Suppose -27*y + 51*y + 189293 - 880445 = 0. What is the hundreds digit of y?
7
Suppose -125*z = -127*z + 64. Let u = -13 - -28. What is the tens digit of z/u + -2 + (-1608)/(-90)?
1
Suppose 0 = 19*f - 2*f - 53057. Suppose 10*c - f - 1619 = 0. What is the units digit of c?
4
Suppose -13*o + 73860 = 12036 - 258093. What is the tens digit of o?
0
Let u = -10970 - -21515. What is the ten thousands digit of u?
1
Let r(m) = 3*m**3 + 3*m**2 - 6*m + 10. Let s(w) = 3*w**3 + 3*w**2 - 8*w + 9. Let j(a) = -6*r(a) + 5*s(a). What is the hundreds digit of j(-7)?
8
What is the units digit of ((-84)/7)/(15/(-2805))?
4
Let u(t) = -t - 4. Let s be u(-8). Suppose s*j + 35 = -0*o + 5*o, -4*o = 4*j - 28. Suppose x - o*x + 156 = 0. What is the units digit of x?
6
Suppose -w - 3*h + 47546 = 0, 2*w - 639*h - 95048 = -634*h. What is the hundreds digit of w?
5
Let b(c) = 110*c**2 - 5*c - 85. What is the tens digit of b(-7)?
4
Suppose 22*y - 1028804 = -29*y + 2*y. What is the ten thousands digit of y?
2
Let u be 0 - 2 - 19*221. Let p = 5892 + u. What is the tens digit of p?
9
Let y(x) = -x**3 + 28*x**2 - 21*x + 49. Let o be y(18). Suppose -o - 694 = -7*b. What is the tens digit of b?
1
Suppose 10*x - 18507 - 26800 - 39383 = 0. What is the tens digit of x?
6
Suppose v = -3*k + 47, v - 2*v = -3*k + 37. Suppose 19*y - 155 = k*y. Suppose c + 3*q - y = 0, -5*c = -3*q - 21 - 62. What is the units digit of c?
9
Let k(t) be the third derivative of -26*t**2 - 17/6*t**3 + 1/4*t**5 + 0*t + 1/120*t**6 + 23/24*t**4 + 0. What is the hundreds digit of k(-12)?
1
Let h = 197 + -184. What is the units digit of h/((-195)/6) + 804/10?
0
Let j = 1849 - -4236. What is the units digit of j?
5
Suppose h = -p + 3269, -599*h + 5*p = -596*h - 9847. What is the units digit of h?
4
Let v = -51004 + 88142. What is the units digit of v?
8
Let u = -8509 - -13600. What is the tens digit of u?
9
Suppose -284*n + 22911 = 3*w - 289*n, -w - 4*n = -7654. What is the hundreds digit of w?
6
Let w be 978/24 + 25/20. What is the hundreds digit of 18/w - (-3074)/14?
2
Let t = -1857 + 7082. What is the hundreds digit of t?
2
Let y